 8 = -2*o. What is the units digit of o/10 - 36/(-45)?
1
Let c(t) be the third derivative of -t**5/60 - t**4/24 - t**3/6 - t**2. Let y be c(-2). What is the units digit of 34/8 + y/12?
4
Let z(f) = f**2 - f + 3. Let q be z(0). Suppose 56 = y + q*y. What is the units digit of y?
4
Suppose 5*c + 2*m = 465, 3*m = -0*c - 5*c + 465. What is the tens digit of c?
9
Let s(m) = m**2 + 7. Let r be s(0). Suppose 0 = z - r - 10. What is the units digit of z?
7
Suppose 2*n - u - 202 - 30 = 0, -n - u = -122. What is the tens digit of n?
1
Let i = -6 + 6. Suppose 5*l = -i*l + 95. What is the units digit of l?
9
Let t be 15 + 2 + -3 + -2. Let k = -6 + t. What is the units digit of k?
6
Suppose -7*p - 120 = -4*p. Let v = 83 + p. What is the tens digit of v?
4
Suppose -3*o = 2*o. Suppose 0*s - 3*s - 4*z + 14 = o, s - 5*z + 8 = 0. Suppose -s*y = 5*c - 12, -4*c + 5*y + 2 + 34 = 0. What is the units digit of c?
4
Suppose 2*l - 4*f - 4 = 0, 22 = -4*l - 4*f + 6. Let a be 6 + l/4*0. What is the tens digit of a/3 + 12 + -3?
1
Suppose -14 = -4*w + 2*u - 0*u, -3*w - 5*u = 22. Let v(f) = 3*f**2 + f. Let z be v(w). What is the units digit of (-1*z)/(8/(-12))?
6
Suppose -8*z = 5*z - 1859. What is the tens digit of z?
4
Suppose -3*d + 72 = 3*i, 4*i = -d + 20 + 91. What is the tens digit of i?
2
Suppose 125 = 3*f + 20. What is the units digit of f?
5
Suppose 0 = 7*u - 28 - 546. What is the tens digit of u?
8
Let z be 3/(-5) - (-28)/(-70). Let v(m) be the second derivative of -2*m**5/5 - m**4/6 + m**2/2 + m. What is the units digit of v(z)?
7
Suppose -2*j + 20 + 10 = 0. Suppose -j = -5*u + 5. What is the units digit of u?
4
Let w(b) = -b**3 - 8*b**2 + 3*b + 9. Let m(l) = l**3 + 7*l**2 - 2*l - 8. Let t(x) = -6*m(x) - 5*w(x). What is the units digit of t(-3)?
1
Suppose 0 = z - 63 - 11. What is the units digit of z?
4
Let i(r) = -r**3 + 2*r**2 + r. Let w be i(3). What is the units digit of 1 - (w + 3 + -16)?
0
Let f(n) = 4*n + 4. Let l be f(-3). Let m(o) = -o**2 - 8*o**2 - 5*o - o**3 - 12 - 5*o. What is the units digit of m(l)?
4
What is the units digit of 74*1*(9 - 7)/2?
4
Let u(f) = -22*f + 2. What is the units digit of u(-2)?
6
Let b(c) = -c**2 + 8*c + 33. What is the tens digit of b(9)?
2
Let k = -6 - -6. Suppose 0 = -5*t + 25, k*d - 3*d + 5*t = 16. Suppose 4*r + d*b + 25 = 8*r, -2*b = -4*r + 30. What is the tens digit of r?
1
What is the tens digit of 14/(-63) + 1700/36?
4
Let x(m) = -m**2 - 5*m + 8. Suppose 5*v - y - 25 = 0, -3*v + 12 + 20 = -4*y. Suppose -5*a = -3*c - 43, -3*c - 3*a - v = -1. What is the units digit of x(c)?
2
Let f = 3 + 0. Suppose -2*m = f*i + i - 18, -5*i - 5*m + 35 = 0. Suppose 5*k + 10 = -r + 76, 2*r - 28 = -i*k. What is the tens digit of k?
1
Let m(r) = -r**3 - 17*r**2 - 17*r + 22. What is the tens digit of m(-16)?
3
Let q(o) = -o**2 + o. Let i be q(2). Let w be (i/(-5))/(4/200). Suppose 0 = -5*a - 3*u - 0 - 5, 4*u + w = 0. What is the units digit of a?
2
Let x be ((-222)/9)/(6/(-9)). Let r = x - 20. What is the tens digit of r?
1
Suppose -j + 5*l + 8 - 22 = 0, -4*j + 3*l = 5. Let q(r) = 7*r**3. What is the units digit of q(j)?
7
Let o be 4/(-14) + (-405)/(-21). Suppose o = 5*s - 26. What is the units digit of s?
9
Let u be (6/10)/((-2)/(-20)). Suppose -x + u = 1. What is the tens digit of 3 - (-3 - x - 3)?
1
Let p be (-1)/(3/81*3). Let m(s) = -s + 2. Let y be m(p). Let f = y + 1. What is the tens digit of f?
1
Let m(i) = -3*i - 14. What is the tens digit of m(-9)?
1
Suppose -4*t = 3*n - 62, -2*t + 7*t + 2*n - 74 = 0. What is the tens digit of t?
1
Let x = 13 + -9. Suppose 5*m = -3*d + 81, 2*m - 23 - x = -d. What is the tens digit of d?
2
Suppose 3*b + 4*q - 872 = 0, -2*b + 1500 = 3*b - 5*q. What is the tens digit of b?
9
Suppose 4*f - 212 = 48. What is the units digit of f?
5
Let m = -11 + 21. Let y(c) = 2*c - 5. What is the units digit of y(m)?
5
Let i(g) = g**3 + 2*g**2 + 5*g. What is the hundreds digit of i(4)?
1
Suppose 4*p - 6*k - 96 = -5*k, -72 = -3*p - 5*k. Let i = p - 8. What is the units digit of i?
6
Suppose 150 = 5*k + 2*s, -s = 3*s + 20. What is the tens digit of k?
3
Let m(k) = -k + 1. Let i be m(-4). Suppose 3*d = -2*d + 3*a + 11, 0 = i*d - a - 17. What is the units digit of d?
4
Let y be (-1)/(2 + 10/(-4)). Let r(x) = 3*x**3 - x + 2. What is the units digit of r(y)?
4
Let y be (-3 - (2 + -7))*-3. Let j = y + 17. What is the tens digit of j?
1
Suppose 4*a - 33 = 7*a. Let m = a + 14. What is the units digit of m?
3
Suppose 6*f = f + 270. What is the units digit of f?
4
Let a(v) = -15*v - 11. What is the tens digit of a(-8)?
0
What is the tens digit of (-1)/(-2)*38*1?
1
Suppose 3*u = u. Suppose -4*m + 4 = u, m = 3*z - 2*z. What is the units digit of z?
1
Let y = 22 + -16. What is the units digit of y?
6
Suppose 146 = 3*l - 277. What is the hundreds digit of l?
1
Let g be 34 + 2 + -2 + 2. Suppose w - 23 = -5*r + 2*r, -g = -4*w + 2*r. What is the tens digit of w?
1
Let s(l) = -7*l - 1. Let q be s(-1). Suppose -29 - q = -5*u. What is the units digit of u?
7
Let x = 3 + -13. What is the units digit of (-2)/10 - 42/x?
4
Let z be ((-2)/3)/(5/(-15)). Suppose -2*w + 4*l = -12 + z, -3*w = 5*l - 4. Suppose 5 - 2 = w*h. What is the units digit of h?
1
Suppose 8*b - 3*b - 460 = 0. Suppose b = r + 3*r + 3*s, -3*r + 5*s + 69 = 0. What is the units digit of r?
3
Let v = 4 + -3. What is the units digit of v?
1
Let s = -17 - -37. Suppose 4*m - s - 48 = 0. Suppose 5 = -2*u + m. What is the units digit of u?
6
Let x = -57 + 121. Suppose 4*y - 51 = -3*o, -3*y - x = -4*o + 4. What is the tens digit of o?
1
Let c(w) = -w**3 - 7*w**2 + 8*w + 2. Let k = -20 + 12. Let v be c(k). Suppose d = -3*q + 3*d - 5, -2*q - v*d + 10 = 0. What is the units digit of q?
1
Suppose 0 = -m - 0*l + l - 30, 4*l = 3*m + 94. Let o(j) = 3*j + 2. Let d be o(-6). Let a = d - m. What is the units digit of a?
0
Let m(y) = y**3 + 12*y**2 - 16*y + 5. What is the units digit of m(-13)?
4
Let u(j) = -j**3 - 17*j**2 + 5*j - 14. What is the units digit of u(-18)?
0
Suppose -15*d - 1104 = -19*d. What is the tens digit of d?
7
Let k = 7 - 6. Let p = 4 + k. Suppose -5*i + 2 = 3*d, -p*d = -2*i + 4*i + 3. What is the units digit of i?
1
Let r(a) = -a**3 - 4*a**2 + 5*a - 8. Suppose 4*t + 16 = -8. What is the units digit of r(t)?
4
Let g = -23 + 90. What is the units digit of g?
7
Suppose -123*c - 1128 = -127*c. What is the tens digit of c?
8
Suppose 2 - 4 = -n. Suppose -2*r + 8 + n = 0. What is the units digit of r?
5
What is the tens digit of 1 + 58*2/4?
3
Suppose -137 = -3*v + 5*q, 225 = 4*v + v - 5*q. What is the units digit of v?
4
Let n(v) = 4*v + 5. What is the units digit of n(8)?
7
Let s = -13 + 42. What is the units digit of s?
9
Let z(n) = -2*n**3 - 2*n**2 - 4*n - 2. Suppose o - 3 + 5 = 0. What is the units digit of z(o)?
4
Let q be -5*(5 + (-4)/2). What is the units digit of -2*q/(-24)*-4?
5
Let v(a) = a**2 + 5*a + 2. Let t be v(-5). Suppose l + 4*x - t*x - 15 = 0, -l + 3 = -x. Let m = l - 1. What is the units digit of m?
6
Let c(z) = z + 12. Let j be c(0). Suppose 3*n - 2*o = j, 5*o + 20 = 3*n + 2*n. Suppose -42 = i - n*i. What is the units digit of i?
4
Let j = 95 - -33. What is the tens digit of j?
2
What is the units digit of (1593/15 - -2) + (-5)/25?
8
Suppose -8*p + 3*p - 5 = 3*j, -3*p + 2*j = -16. What is the units digit of 135/10 - (-3)/p?
5
What is the hundreds digit of ((-1)/((-4)/(-8)))/(1/(-55))?
1
Let a(v) = -8*v + 53. What is the units digit of a(-6)?
1
Let p(i) be the third derivative of -i**4/8 + i**3/3 + i**2. What is the units digit of p(-12)?
8
Let n be (25/(-10))/(1/(-32)). Suppose 0 = 6*u - 2*u - n. What is the tens digit of u?
2
Let c(o) = o**3 + 5*o**2 + o - 5. Suppose -a - 2 - 2 = 0. What is the units digit of c(a)?
7
Suppose 0 = 9*u - 8*u - 77. What is the tens digit of u?
7
Let g = -7 + 7. Let o = 5 + g. Suppose o*x - 77 = 3*m, 0 = 2*x - 4*x + 3*m + 38. What is the units digit of x?
3
Let p = -2 - -5. Suppose g - 24 = -p*g. What is the units digit of g?
6
Suppose -5*s - 4*u = -75, 2*s + 2*u = 4*u + 12. Let o = s + -8. What is the units digit of 0 - 2*o/(-6)?
1
Let k(b) = -3*b**2 + 42*b. What is the tens digit of k(10)?
2
Suppose 2 = -r, -2*r = -3*p - 3*r + 28. Suppose -3*d - 20 = -4*q, 0 = -5*q + 5*d + 20 + p. Suppose q*a = 3*a - 2. What is the units digit 